g + 1. Is q(-1) a composite number?
True
Let n = 0 - -2. Suppose 0 = s - 2*s + n. Suppose f = y, -2*y + y + s*f - 3 = 0. Is y prime?
True
Let m = 0 + 2. Let t(g) = 0*g**3 - 5*g**2 - m*g + g**3 + 0*g**2 - 3. Is t(6) a prime number?
False
Let a(b) = -7 - 4*b + 3*b - 4*b. Suppose 32 = -0*q - 4*q. Is a(q) composite?
True
Suppose -2*v + 0*v + 6 = 0. Is ((-462)/18)/((-1)/v) prime?
False
Let z(r) = 51*r + 7. Is z(8) a prime number?
False
Suppose 4*l = -y + 15, l = -3*l - 2*y + 14. Suppose w = 5*z - 1495, -409 = -l*z - 5*w + 787. Is z a prime number?
False
Let l(u) = -6*u - 10 + 2*u + 3. Is l(-8) a prime number?
False
Suppose -4*b + 121 + 231 = 4*v, -4*v = 5*b - 440. Let u = b + -50. Is u prime?
False
Let o = 67 - 46. Is o composite?
True
Let p = 57 - 38. Is p a prime number?
True
Suppose 11*h - 8*h = 2919. Is h a composite number?
True
Let r be (-1330)/(-6) - 1/(-3). Suppose a = 5*a - 8. Suppose 0 = 5*q - 2*t - 595, 3*t + t = a*q - r. Is q a composite number?
True
Suppose 2*s - 226 - 88 = 0. Is s prime?
True
Let w be 9420/35 + 1/(-7). Let y = 516 + w. Is y a prime number?
False
Let x(u) = u**2 + 15*u + 16. Let o be x(-15). Suppose -t - 2 = -o. Is t prime?
False
Let i = -1463 + 2096. Is i a prime number?
False
Let k(x) = 2*x**3 - 14*x**2 + 18*x + 7. Let v(b) = 3 + 9*b - 2*b**3 - 2*b**2 - b**2 - 4*b**2 + 3*b**3. Let d(h) = -6*k(h) + 13*v(h). Is d(6) a composite number?
True
Let x be (-2 - 51)*(2 + -3). Suppose f - x = -4*y, 2*f - y - 126 = -4*y. Is f prime?
False
Let z be 34/6 - (-9)/27. Suppose 2*c + 220 = z*c. Is c prime?
False
Suppose 0 = -5*a + b + 14904, 3*a - 4*b - 8938 = b. Is a composite?
True
Let u(w) = -w**3 + w**2 + w + 7. Suppose -2*a = 2*a - l - 4, 5*l + 20 = -2*a. Suppose a = j - 4*j. Is u(j) a composite number?
False
Let v(t) = -9*t + 2. Let l(c) = c - 1. Let w(h) = 3*l(h) + v(h). Is w(-6) a composite number?
True
Suppose 7*x + 100 = 2*x. Is (-27)/(-4) - 5/x composite?
False
Let n be -1*5 + -2 - 0. Let p(l) = l**2 + 7*l + 2. Let f be p(n). Is ((-77)/4)/(f/(-8)) composite?
True
Let y(p) be the third derivative of p**6/360 + 35*p**4/24 - p**3/3 - p**2. Let u(s) be the first derivative of y(s). Is u(0) composite?
True
Let p(q) = -q**2 + 18*q - 10. Let g be p(10). Suppose 2*c = 4*n - 72, -6*n + n + 4*c = -87. Let j = n + g. Is j a prime number?
True
Let y = 66 - 39. Let i(g) = -2*g - 4. Let x be i(-3). Suppose -3*l = -2*h - x*h - y, 4*h + 40 = 4*l. Is l prime?
True
Suppose -n - 1757 = -7512. Is n a prime number?
False
Let t(x) = -35*x**3 - x**2 - 2*x - 1. Is t(-1) composite?
True
Let g be 13 + -9 + 0/2. Is ((-644)/16)/((-1)/g) prime?
False
Suppose 4 = p + 3*p. Let v(m) = -1 + p - 8*m - 1. Is v(-1) prime?
True
Let r(q) = q. Let b be r(0). Let a = 22 - -1. Let i = a - b. Is i prime?
True
Let h = -8 + 11. Let i(q) = -q**2 - 4*q - 7. Let z(f) = 2*f**2 + 11*f + 20. Let b(l) = -8*i(l) - 3*z(l). Is b(h) a prime number?
True
Let d(b) = -b**3 + 10*b**2 - 5*b - 11. Is d(6) prime?
True
Is 3*(-16)/12*-1 prime?
False
Let s(h) = -h**2 + 4*h - 1. Let k be s(2). Let z be 11/k*(-27)/(-3). Let t = -14 + z. Is t composite?
False
Let g = -7 - -15. Suppose -5*m + 0 = 4*s + 2, 5*s - g = -m. Is s prime?
True
Suppose 4944 = 5*l - h, 0*l - 2*l + h + 1977 = 0. Is l prime?
False
Let l = 147 + -34. Is l a prime number?
True
Suppose -5*b + 3*b = -18. Is b composite?
True
Suppose 0 = -r - 3 + 5. Suppose n = r + 3. Suppose -68 - 2 = -n*t. Is t composite?
True
Suppose q = 2 + 13. Suppose 0*d = -4*d + 3*s + 15, 3*s = -q. Suppose -2*v + 66 = -3*c + 16, d = -5*v + c + 151. Is v a prime number?
True
Let w(s) = -94*s**3 + s**2 - s - 1. Let y be w(-1). Suppose 5*p - y = -0*p. Is p a prime number?
True
Let j = 1 + 4. Let s be (2 - j) + (-3)/(-3). Let l(z) = -17*z**3 - z**2 + 2*z - 1. Is l(s) a prime number?
True
Let d(g) = -g**3 - 12*g**2 + 15*g - 3. Is d(-14) a composite number?
False
Let r be (2 + -1)/(2/(-22)). Let j(v) = 7*v - 2. Let o(c) = -14*c + 4. Let a(w) = 7*j(w) + 4*o(w). Is a(r) a prime number?
True
Is (-2)/1*3633/(-14) a composite number?
True
Suppose 2*j - 2 = 12. Let d(i) = 8 + 3*i + 9*i - 18. Is d(j) prime?
False
Let j(w) = -34*w**3 + 3*w**2 + 3*w + 1. Let v be j(-2). Suppose 42 = -3*h + v. Is h prime?
True
Is 1 + (0 - 2) - -80 a prime number?
True
Is (-1 + 420)/(1 - 0) composite?
False
Suppose -5*t + 2*i = -4, -t + 0*t - i - 2 = 0. Suppose -o + 445 - 152 = t. Is o composite?
False
Let q(v) = -3*v**3 - 2*v**2 + v. Let t = 8 + -7. Let u be q(t). Is 665/20 - (-1)/u a composite number?
True
Let n(b) = b**3 - 6*b**2 + 2*b - 1. Let x be (-5)/(-25) - 29/(-5). Is n(x) a prime number?
True
Suppose -2*z + 2926 = -3*c, -z - c - 453 = -1906. Is z a prime number?
False
Let d(t) = 2*t**2 - 4. Let o be d(-2). Suppose -4*v + 150 = -3*v. Is o/16 - v/(-8) a prime number?
True
Suppose 0*y - 3*y = 0. Let q(i) = i + 25. Is q(y) a composite number?
True
Let f(p) = p**3 + p + 294. Let s be f(0). Suppose 0*m = -5*m + 815. Let y = s - m. Is y prime?
True
Let h(x) = 87*x - 3. Let r be h(2). Suppose -626 = -5*l - r. Is l prime?
False
Let r(k) = k**3 - 6*k**2 - 2*k + 2. Let x be r(6). Let g = x - -32. Is g a composite number?
True
Let y(s) = 9 - 3*s**2 + 5*s**2 - 2*s - 4*s. Is y(7) a composite number?
True
Let t = 2 - 2. Let f be t*(1 - (1 + 1)). Suppose f = 4*x - 72 - 76. Is x prime?
True
Let k = 152 + -72. Suppose 2*j - 18 - k = 0. Is j a composite number?
True
Let o(v) be the first derivative of v**2 - 10*v - 1. Is o(8) prime?
False
Let z be (-150)/(-2) - 2 - -2. Let t = z + -36. Is t a prime number?
False
Suppose -2*p - 22 = 4. Let q(y) = y**3 + 13*y**2 - 14*y - 15. Is q(p) a composite number?
False
Suppose -2*s = -s. Suppose -3*b + 12 = -s. Suppose 0 = b*m - 5*c - 46, -44 = 5*m + 3*c - 120. Is m prime?
False
Is (-27)/18*((-4628)/3 - 2) a prime number?
False
Let k(w) = -3*w + 8 + 4*w + 9 - 2*w. Is k(7) a prime number?
False
Suppose -7*m - 3590 = -12*m. Is m a composite number?
True
Let c(y) = -116*y - 1. Let p(t) = 115*t + 1. Let u(g) = 3*c(g) + 2*p(g). Is u(-2) prime?
False
Suppose 11*a = 4*a + 10339. Is a composite?
True
Let y(f) = f + 3. Let m be y(9). Suppose -4*w + m = -5*w. Let t = 22 + w. Is t a prime number?
False
Suppose 4*v - 8*v = 412. Let c = v + 237. Is c a prime number?
False
Let x be (-11)/(-3) - 2/3. Suppose j = -5*w - 9, 7*j - w = x*j + 48. Let c = j + 8. Is c a composite number?
False
Is 1/(1/(-1017)*-3) prime?
False
Let x = 1 + -4. Let l be (-14)/(6/x) + -2. Suppose 0*a + 269 = 3*a - 4*y, 2*a + l*y - 210 = 0. Is a a composite number?
True
Suppose -5*d + 3*d = 0. Let w be 14/(-3 + 7 + -2). Let n = w + d. Is n composite?
False
Suppose -5*x = 2*r - 10*x - 606, r + 2*x - 303 = 0. Is r a prime number?
False
Suppose z - 3 = -2*s, 0 = -2*s - 0*s - 3*z + 1. Suppose 0*y + 244 = s*d - y, d = -y + 119. Is d a composite number?
True
Let h = 2 + -4. Is (2 - -14 - 0) + h composite?
True
Let d be 1221/(-11)*2/(-6). Let k(r) = r**2 - r + 2. Let m be k(2). Suppose -m*w + d = -3*w. Is w a composite number?
False
Let y = -34 + 48. Is y prime?
False
Suppose -4*r - y = -7, -2 - 2 = 4*y. Suppose -4*f + r*f + 586 = 0. Is f prime?
True
Let i = 1133 + 34. Is i composite?
True
Suppose -2*s - 40 = 2*s. Let l = s - -107. Is l a composite number?
False
Let k = 182 - 73. Is k composite?
False
Let v(h) = -h + 15. Let y be v(12). Is 167/y + (-2)/3 a prime number?
False
Let b(g) = 9*g**2 + 6*g - 1. Is b(-3) a composite number?
True
Let d = 38 + -9. Let u = 50 - d. Is u a composite number?
True
Suppose 4*z + 5*u = -0*u + 457, -2*u + 226 = 2*z. Suppose n = -3*n + z. Suppose d - 15 = l - 0*l, -2*d - l + n = 0. Is d composite?
True
Let x = 8 + -5. Let w be (2 - (-1)/1)*x. Is -14*(-1 - w/2) a prime number?
False
Let i(c) = c**2 + 10*c + 3. Let k be i(-10). Suppose -105 = -5*s + n, 0 = k*s - 4*n - 0*n - 46. Is s composite?
True
Let n = -2 + 4. Let c(z) = -z**3 - 3*z**2 - z - 3. Let o be c(-3). Suppose 226 = -o*k + n*k. Is k prime?
True
Let a(p) = 81*p - 16. Is a(5) prime?
True
Let h(k) = -k**2 + 2*k + 2. Let i be h(-4). Let w be (-3)/((9/i)/3). Suppose -d + w = -0. Is d a composite number?
True
Let s(q) = -q**3 - 8*q**2 - 8*q - 7. Let y be s(-7). Suppose -h - 5 = y, -p + 4*h = -4*p + 19. Let w = 20 - p. Is w a prime number?
True
Let d(x) = 48*x**2 - 3*x + 4. Is d(-5) a composite number?
True
Let a be 